((-126)/21 + (-295)/i) is divided by 35?
14
Suppose -94*y = -6217 - 5721. Calculate the remainder when 1640 is divided by y.
116
Let c = -74 + 77. Suppose y - 184 = 2*m, c*y - 4*m - 176 = 378. Suppose 166 = 5*t + 31. What is the remainder when y is divided by t?
24
Let p = 3578 + -2861. What is the remainder when p is divided by 173?
25
Let b(j) = -103*j - 281. Let d be b(-13). Suppose 0 = -4*h + d - 750. Calculate the remainder when h is divided by 20.
17
Suppose -37*p - 269 = -4376. Calculate the remainder when 1553 is divided by p.
110
Suppose -1361 = -9*c + 7. Suppose -72 = -8*t + c. Let x = 97 - t. What is the remainder when x is divided by 24?
21
Let m(p) = p**2 - 22*p - 2. Let i be m(19). Let q = 107 + i. What is the remainder when q is divided by 7?
6
Let g(k) = 5*k - 80 + 4*k**2 + 0*k + 83 + 9*k**2. What is the remainder when 404 is divided by g(-1)?
8
Suppose 18 - 13 = 5*n. Suppose -3 = -m + n. Suppose -m*v = -2*v - 188. What is the remainder when v is divided by 24?
22
Let k be (58/(-3))/((-70)/30 - -3). What is the remainder when 120 is divided by 2/2*(40 + k)?
10
Let c(u) = 180*u**2 + 779*u + 13. Calculate the remainder when 5483 is divided by c(-6).
26
Let c = 6835 + -6800. Let z(g) = g + 92. What is the remainder when z(0) is divided by c?
22
Suppose 0*y - 30 = -3*y. Suppose 4*i = 9*i - 4*d - 14, 0 = -10*i - 3*d + 72. Calculate the remainder when y is divided by i.
4
Suppose -3*c - 2*o = -68 - 38, -2*c + 5*o + 58 = 0. Suppose 93 = 4*n + 5*w, -2*w + c + 44 = 4*n. What is the remainder when 2 + (33 - 1)*2 is divided by n?
15
Suppose 16 = 2*o - 0. Suppose -3*j - o*j + 440 = 0. What is the remainder when j is divided by 23?
17
Let i = -9549 + 9562. Calculate the remainder when 208 is divided by i.
0
Let l be ((3 - 1) + 1)*(2 - 1). Let x(c) = 6*c**2 - 3*c - 7. Suppose 5*r - 73 - 27 = 0. Calculate the remainder when x(l) is divided by r.
18
Suppose a + 48 = -64 + 136. Calculate the remainder when 159 is divided by a.
15
Suppose 35722*w = 35683*w + 702. Let l(v) = 6*v**2 + 2*v - 2. What is the remainder when l(-4) is divided by w?
14
Let x(h) = 3*h**2 - 23*h - 91. Calculate the remainder when 1076 is divided by x(-4).
47
Suppose -25 = 3*v - 8*v, 805 = -3*a + 5*v. Let r = 333 + a. What is the remainder when r is divided by 37?
36
Let k(j) = 18*j**2 - j - 3. Suppose -34 = -4*x + 5*a, -a + 3 = 3*x - 32. Calculate the remainder when k(2) is divided by x.
1
Let v(t) = -t**3 + 8*t**2 - 7*t - 2. Let d be v(6). Suppose 4*o = d + 100. What is the remainder when 1200/18 - 110/30 is divided by o?
31
Let k(z) be the third derivative of z**4/6 - 5*z**3/3 - z**2. Suppose -4*d + 24 = -d. Calculate the remainder when 42 is divided by k(d).
20
Let n(x) = 7*x**2 + 2*x. Suppose 8*t - 3 = -11. Let r be n(t). Suppose -r*u + 465 = -3*q, 0 = 7*q - 2*q. Calculate the remainder when u is divided by 32.
29
Suppose -2*q - 46 = 2*g + q, 4*g - 4*q + 72 = 0. Let a = g + 21. Suppose 0 = 5*x - 1 - 4. What is the remainder when a is divided by x?
0
Let k be (-2 - -2) + -4 + 194. Let z = k + -177. Calculate the remainder when 19 is divided by z.
6
Let c = -3196 + 3335. What is the remainder when 829 is divided by c?
134
Let p(b) = 2*b**3 - 489*b + 1489. Let t(j) = 16*j. What is the remainder when p(3) is divided by t(1)?
12
Let f(k) = 2*k - 3. Let s be f(-3). Let i be 3/(s*2/(-12)). Suppose -10 = -2*w + i. What is the remainder when 28 is divided by w?
4
Suppose -19*q + 182 = -27. Let m(u) = -u**2 + 10*u + 42. What is the remainder when 69 is divided by m(q)?
7
Let m = 14309 - 14271. Calculate the remainder when 454 is divided by m.
36
Let w be (4/(-5))/((-85)/25 + 3). Let k be (w + -3)*(-2 - -42). Let c = 66 + k. What is the remainder when c is divided by 9?
8
Suppose -29 - 401 = -u + 133. What is the remainder when u is divided by 44?
35
Suppose 64 = 20*q + 4. Suppose q*d - 19 = 2*i, -d - 11 = -2*d - 4*i. Suppose -4*w - 184 = -8*w. What is the remainder when w is divided by d?
4
Suppose 3*n - 15 = 0, 0 = -x + 3*x - n + 27. Suppose -72 - 3 = v - 4*p, 4*p = 4*v + 240. Let t = x - v. What is the remainder when t is divided by 15?
14
Let u(a) = a**3 + 3*a**2 - 17*a - 15. Suppose 1 = -4*i + 3*i. What is the remainder when 42*(-24)/28*i is divided by u(-5)?
16
Suppose 7*u + 912 = 15*u. What is the remainder when u is divided by 41?
32
Let h(u) = -u**2 + 7*u + 20. Let r be h(9). Suppose -r*v = -8*v + 888. Let t = 209 - v. What is the remainder when t is divided by 21?
19
Suppose -604*q + 607*q - m - 9705 = 0, 4*m = -5*q + 16175. What is the remainder when q is divided by 81?
76
Suppose 14 - 4 = l. Let o(m) = -2*m**2 + 163*m - 3148. Calculate the remainder when l is divided by o(50).
0
Let z(s) = 32*s + 6305. What is the remainder when z(-142) is divided by 111?
96
Let t(k) = 2*k**3 - 54*k**2 - 50*k - 92. What is the remainder when 262 is divided by t(28)?
34
Let v = 5280 - 5268. Calculate the remainder when 3453 is divided by v.
9
Calculate the remainder when 148 is divided by 6192/132 - (1/(-11) + 0).
7
Let t(x) = -x**2 - 22*x - 13. Let r be t(-9). Suppose h = -3*d - 3*h + r, 2*h - 100 = -3*d. Let c = -30 + d. What is the remainder when 8 is divided by c?
0
Let i = -431 + 437. Suppose 0 = 6*j - j - 35. What is the remainder when (i/(-3))/(2/(-19)) is divided by j?
5
Let b(h) = -3*h**3 - 2*h**2 + h + 6. Let v be b(3). Let o = v - -210. Let p = 130 - o. Calculate the remainder when 26 is divided by p.
6
Let w(n) be the third derivative of n**6/30 - n**5/30 - n**4/12 + n**3/6 - 33*n**2. Calculate the remainder when 81 is divided by w(2).
18
Suppose -111 = 7*l - 279 + 7. Let s(m) = -m**2 + 136. What is the remainder when s(0) is divided by l?
21
Let s be (-4)/4*-3 - (-36 + 2). Suppose 5*u - 8*f - 58 = -7*f, -2*u = -5*f - s. Calculate the remainder when 131 is divided by u.
10
Let a(s) = 55*s - 1913. Calculate the remainder when a(43) is divided by 124.
80
Let g(n) = -35*n + 97. Let p(s) = -9*s + 24. Let w(c) = 2*g(c) - 9*p(c). Calculate the remainder when w(4) is divided by 21.
1
Let b = -17 + -21. Let o = b + 61. Suppose -2*g + 127 = -5*j + 468, -3*j + 2*g = -207. What is the remainder when j is divided by o?
21
Suppose 0 = -6*j - 126 + 1536. Let t = j + -128. Calculate the remainder when t is divided by 15 - (-2 - (1 + 0)).
17
Let i = 15 + -13. Suppose -2*f - i*f = -2*c - 26, -5*c = 4*f - 5. Suppose 189 + 226 = f*j. What is the remainder when j is divided by 29?
25
Let m(s) = -2*s**3 - 13*s**2 - 5*s + 8. Let a be m(-6). Suppose -3*r - 270 = -8*r. What is the remainder when r is divided by ((-38)/(-10))/(a/10)?
16
Let z(i) = i**3 + 12*i**2 - 19*i - 47. Let g be (-11 - -5) + -3 + -4. What is the remainder when z(g) is divided by 3?
1
Let d(y) = -y**3 - 5*y**2 - 5*y - 9. Let q be d(-4). Let o = q + -31. What is the remainder when (o/14)/((-12)/112) is divided by 13?
11
Suppose 0 = -i + c + 84 + 259, 5*c - 1735 = -5*i. What is the remainder when (-2 - 4/(-5))*i/(-6) is divided by 21?
6
Let i = 295 + -148. Let v(j) = -j**2 - 8*j + 13. Let k be v(-9). Suppose -5*t + k*h + 138 = -i, 0 = t - h - 56. Calculate the remainder when t is divided by 21.
19
Suppose -29*a + 24*a - 1113 = -3*k, 2*k - 3*a = 744. What is the remainder when 396 is divided by k?
15
Let a = -4305 - -4398. Calculate the remainder when 272 is divided by a.
86
Suppose 4*v = 5*t - 20, -3*v = 2*v + 25. Suppose 3*h - 2*n - 54 = t, 5*n = 3*h - h - 47. Let a = 10 + h. What is the remainder when 154 is divided by a?
24
Suppose 0 = -28*b - 7086 + 35702. Suppose 0 = 1023*p - b*p - 12. Suppose 52 = m + y, 3*m - y - 290 = -2*m. Calculate the remainder when m is divided by p.
9
Suppose 2*q - 49 = -3*l - 2*q, -5*l = 3*q - 78. Suppose 82*o - 837 = 51*o. What is the remainder when o is divided by l?
12
Let m(q) = 3*q**2 - 9*q + 11. Let j be 2/(2/(-1))*(-1 - 12). Suppose 3 = -2*s + j. What is the remainder when m(s) is divided by 22?
19
Suppose -78875 = -50*w - 75*w. What is the remainder when w is divided by 209?
4
Suppose -3*a - 8*l = -3*l - 332, -4*l + 328 = 3*a. Calculate the remainder when 5510 is divided by a.
102
Let j be (6/(-4))/(6/(-8)). Suppose j*r - 12 = 18*k - 15*k, r = -2*k + 13. Calculate the remainder when 125 is divided by r.
8
Let d(n) = -6*n**3 - 140*n**2 + 84*n + 30. Calculate the remainder when d(-24) is 